1158 and 56458869.
579
What is the greatest common divisor of 30358 and 656567?
43
Calculate the greatest common factor of 1739529 and 2673.
297
What is the highest common factor of 24 and 324039?
3
What is the greatest common factor of 55820195 and 590?
295
What is the greatest common divisor of 516420 and 37146?
906
What is the highest common divisor of 180037144 and 728?
56
What is the highest common divisor of 45991 and 1627186?
407
What is the highest common divisor of 10 and 17123195?
5
What is the highest common divisor of 15453945 and 2340?
585
What is the greatest common divisor of 33367 and 41999754?
547
Calculate the greatest common factor of 103566 and 25502.
82
Calculate the greatest common factor of 478225 and 336589.
407
Calculate the highest common factor of 10461870 and 135.
45
What is the greatest common divisor of 18 and 2842794?
18
What is the greatest common divisor of 322 and 1571486?
14
What is the highest common divisor of 606472 and 24764?
164
Calculate the highest common factor of 2 and 1651578.
2
What is the highest common factor of 13863 and 23904?
3
What is the greatest common factor of 99 and 108276465?
33
Calculate the greatest common divisor of 773 and 116362009.
773
Calculate the greatest common factor of 19 and 221043055.
19
Calculate the greatest common factor of 38685 and 117896406.
7737
What is the greatest common factor of 840654 and 102?
6
What is the greatest common divisor of 2552 and 5684638?
58
What is the highest common divisor of 2261 and 117485113?
323
What is the greatest common factor of 185983 and 3640931?
1141
Calculate the greatest common divisor of 142506080 and 3040.
3040
Calculate the greatest common divisor of 104080 and 3082000.
80
What is the greatest common factor of 3 and 6409374?
3
What is the highest common divisor of 717760225 and 555?
185
What is the greatest common divisor of 152500029 and 5379?
5379
What is the greatest common divisor of 7770942 and 15885?
3177
Calculate the highest common divisor of 1659 and 7499233.
553
Calculate the greatest common factor of 21 and 348115.
1
Calculate the highest common divisor of 18111 and 3447127.
6037
Calculate the greatest common divisor of 89800 and 18477248.
3592
Calculate the highest common factor of 1608 and 5023794.
402
What is the highest common factor of 438990855 and 15?
15
Calculate the highest common divisor of 72050286 and 980.
98
Calculate the greatest common factor of 179081850 and 63714.
9102
Calculate the greatest common divisor of 2513800 and 160.
40
Calculate the highest common divisor of 1712879 and 5129.
23
What is the greatest common factor of 439176 and 55680?
696
What is the greatest common factor of 4691380 and 124460?
2540
What is the highest common factor of 3 and 207307?
1
Calculate the highest common divisor of 87552 and 32148.
684
Calculate the greatest common divisor of 22400924 and 33579.
3731
What is the highest common divisor of 9724 and 1816672?
572
What is the highest common divisor of 10 and 1025642020?
10
Calculate the greatest common factor of 69613258 and 858.
286
Calculate the highest common factor of 5 and 1007809.
1
What is the highest common factor of 20070 and 5793750?
90
What is the greatest common divisor of 4704 and 442078?
98
Calculate the greatest common factor of 24716 and 36704.
148
What is the highest common divisor of 456 and 11160516?
12
What is the greatest common factor of 3648704 and 497824?
1504
What is the greatest common divisor of 523740 and 213495?
645
What is the highest common divisor of 13804230 and 80476?
1298
What is the greatest common factor of 1040 and 34130?
10
Calculate the highest common factor of 12304446 and 4158.
462
Calculate the highest common divisor of 762547 and 2.
1
What is the greatest common factor of 26571688 and 728?
104
What is the greatest common factor of 1605728 and 1390?
278
Calculate the highest common divisor of 35068304 and 6845.
1369
What is the highest common factor of 192683 and 1247?
43
What is the highest common divisor of 3004376 and 8296?
136
What is the highest common factor of 1475265531 and 291?
291
What is the greatest common factor of 495101303 and 53135?
10627
What is the greatest common factor of 14 and 11113860?
2
What is the greatest common factor of 28401408 and 854?
14
What is the greatest common factor of 462614 and 1313348?
626
What is the highest common factor of 14 and 162362?
2
What is the greatest common divisor of 396 and 115728?
12
Calculate the greatest common factor of 252366938 and 68.
34
Calculate the greatest common divisor of 2370032 and 432.
16
Calculate the highest common divisor of 196 and 4616633.
49
What is the highest common factor of 4592 and 465727528?
2296
Calculate the greatest common divisor of 16013616 and 496.
16
Calculate the highest common factor of 118916 and 4519356.
548
What is the greatest common factor of 1204 and 3862796?
28
What is the greatest common divisor of 60846824 and 312?
8
What is the highest common factor of 127 and 158326582?
127
What is the highest common factor of 360 and 5553840?
120
Calculate the highest common divisor of 177531459 and 1197.
399
What is the greatest common factor of 483664000 and 925?
925
Calculate the greatest common factor of 163702 and 4214.
14
What is the highest common divisor of 729 and 54027?
81
What is the highest common divisor of 1313309 and 2407?
83
Calculate the highest common factor of 8007 and 3467973.
471
Calculate the greatest common divisor of 4680 and 33371520.
1560
Calculate the greatest common divisor of 38574807 and 1824.
57
What is the greatest common divisor of 38652 and 3036?
12
Calculate the greatest common divisor of 167 and 30878467.
167
Calculate the greatest common factor of 257 and 23815933.
257
Calculate the greatest common factor of 124 and 27964852.
124
Calculate the highest common factor of 300 and 1600100.
100
What is the highest common factor of 386352 and 7371?
9
Calculate the greatest common divisor of 19179726 and 822.
822
Calculate the highest common factor of 94761311 and 501.
167
What is the greatest common factor of 5252472 and 8856?
216
Calculate the highest common divisor of 1026 and 9230913.
9
Calculate the greatest common divisor of 57307838 and 266.
266
Calculate the greatest common factor of 41738734 and 87050.
3482
What is the greatest common factor of 331 and 42522246?
331
What is the highest common factor of 84 and 1519028?
28
What is the highest common divisor of 2292385 and 235?
5
Calculate the highest common divisor of 20448100 and 1360.
20
What is the highest common factor of 26793 and 3029?
13
What is the highest common factor of 408861 and 12752?
797
Calculate the highest common divisor of 144 and 2802294.
18
Calculate the greatest common factor of 2406 and 13434.
6
Calculate the highest common divisor of 149499 and 34251.
147
Calculate the highest common divisor of 87098739 and 2457.
273
Calculate the greatest common divisor of 560141 and 1541627.
4957
What is the greatest common divisor of 99022 and 374?
22
Calculate the greatest common divisor of 121218712 and 3416.
488
Calculate the highest common factor of 33225 and 88470.
15
What is the greatest common factor of 1031888 and 160966?
1066
Calculate the greatest common factor of 121820 and 4460.
20
What is the greatest common factor of 21 and 55634824?
7
What is the highest common divisor of 6072138 and 276?
138
What is the highest common factor of 54 and 32604840?
18
Calculate the highest common factor of 18680984 and 168.
56
Calculate the greatest common factor of 216376 and 5419464.
5032
Calculate the greatest common factor of 2176180 and 12.
4
What is the highest common divisor of 21894 and 428901?
123
Calculate the highest common factor of 351810 and 9153.
27
Calculate the greatest common divisor of 78 and 1673514.
6
What is the greatest common divisor of 80162 and 7532?
538
Calculate the greatest common factor of 257853 and 44238.
303
What is the greatest common divisor of 18 and 1228319?
1
What is the greatest common factor of 422116092 and 60?
12
What is the highest common factor of 1081 and 34451?
47
Calculate the highest common divisor of 273 and 76124685.
273
What is the greatest common factor of 897 and 13247?
13
What is the highest comm